4*v, -23 = -v - 4*t. What is the remainder when j is divided by v?
2
Let m(q) = 2*q**2 + 8*q - 40. What is the remainder when 598 is divided by m(-8)?
22
Let t(g) = 4*g**2 - 7*g + 6. Suppose -5*a + 7 + 22 = 3*d, 2*d + 5*a = 26. Calculate the remainder when 58 is divided by t(d).
16
Suppose 0 = 2*a + 2*f - 990, -1 = -4*f + 3. Calculate the remainder when a is divided by 100.
94
Let h = 30 + 1. Suppose 0 = -5*i + p + 10, -2*p = -4*i + 1 + 1. Calculate the remainder when h is divided by (-2)/(2/(-5)) + i.
7
Calculate the remainder when 105 is divided by 2*((-42)/(-3) + 4).
33
Let o(d) = -3*d - 57. What is the remainder when 294 is divided by o(-29)?
24
What is the remainder when 6/((-6)/9534*-7) is divided by 91?
88
Suppose 2*r - 58 = -2*v, -5*v - 2*r = 2*r - 144. Let z = -4 + 6. Suppose 2*l - z*b = 29 + 125, -2*l = 3*b - 174. What is the remainder when l is divided by v?
25
Let u(m) = -2*m**2 + 48*m + 114. Let k = 17 - -10. What is the remainder when k is divided by u(26)?
7
Let a = -178 - -337. What is the remainder when a is divided by 16?
15
Suppose -7 = -4*o + p, 4*p = 2*o + 9 - 23. What is the remainder when 28 is divided by 5 - (o + -8 - -4)?
4
What is the remainder when (-77*1 - 3)*72/(-90) is divided by 44?
20
Suppose 0*s + 2*s = -4*r + 14, -16 = -2*r + 2*s. Let v(u) = 3*u**2 - 4*u + 1. Let j be v(3). Let y = j - -1. What is the remainder when y is divided by r?
2
Let d = -28 + 26. Let o be -2*69/(-6) - d. Suppose o = 2*s - 5. Calculate the remainder when s is divided by 6.
3
Let t = 159 - 95. What is the remainder when t is divided by 11?
9
Let o(u) = -61*u - 211. What is the remainder when o(-8) is divided by 35?
32
Suppose -12*q + 771 + 1041 = 0. Let m(i) = -i**2 - 13*i - 3. What is the remainder when q is divided by m(-6)?
34
Suppose a - 68 = -5*i + 40, 0 = -4*a - 2*i + 414. What is the remainder when a is divided by 35?
33
Suppose -9*f + 4*j + 92 = -7*f, 0 = 3*f + j - 117. Calculate the remainder when f is divided by 7.
5
Let k = 2029 - 2007. What is the remainder when 130 is divided by k?
20
Let o be -1 + 97/1 - 0. Let q = o - 40. What is the remainder when q is divided by 29?
27
Suppose -2 + 18 = -4*v, -m + 18 = -4*v. Suppose g + m*t = 3386, -2*g - 4*t = -3*g + 3398. What is the remainder when g/54 - 4/(-18) is divided by 33?
30
What is the remainder when (-2 - (-3 + 36*5))*-1 is divided by 30?
29
Suppose 2*h = 2*a - 86, -9*a + 5*a = -5*h - 172. Calculate the remainder when a is divided by 11.
10
Suppose 70 = -19*z + 21*z. Let a = 7 + 11. What is the remainder when z is divided by a?
17
Suppose 77 = 3*d - 2*d. Let y = d - 57. What is the remainder when y is divided by 5?
0
Suppose 16 = -3*q + 28. Suppose 65 = d - q*v, -d + 50 + 15 = -v. What is the remainder when d is divided by 17?
14
Suppose 154 - 359 = -5*c. Calculate the remainder when 86 is divided by c.
4
Suppose -282 = -2*j - 4*j. Suppose -j*o - 20 = -49*o. What is the remainder when 38 is divided by o?
8
Suppose -6*t + 17 + 115 = 0. Let p = 5 + -3. Let n = p + 4. What is the remainder when t is divided by n?
4
Let y = 12 - -49. Let q = 1 + y. What is the remainder when q is divided by 13?
10
Suppose -k - 5*y + 38 = -y, 3*y + 109 = 2*k. Let b = -694 - -842. Calculate the remainder when b is divided by k.
48
Let l be (4 + -4)/(3 - 2). Let z(v) = -6*v + 31. Calculate the remainder when 91 is divided by z(l).
29
Suppose -2*f - 550 = -2*y - 6*f, -4*y - 5*f + 1109 = 0. Calculate the remainder when y is divided by 11.
6
Suppose -4*i + 284 = 3*f - 3*i, -103 = -f - 2*i. What is the remainder when f is divided by 26?
15
Let w = -122 + 192. Suppose w = -0*v - 5*v. Let c = 28 + v. What is the remainder when 26 is divided by c?
12
Suppose 0*w = -8*w - 4*w. Suppose 6*h - 10*h - 5*t + 45 = w, -3*h + 30 = 3*t. What is the remainder when 8 is divided by h?
3
Let w = 12 - 5. What is the remainder when (-2)/((-12)/1) - 845/(-78) is divided by w?
4
Suppose 4*q - 93 = -5*c, c = 3*c + 6. What is the remainder when 53 is divided by q?
26
Let g(i) = -i**3 + 5*i**2 + 8*i - 4. Suppose 4*t = 9*t - 710. Calculate the remainder when t is divided by g(5).
34
Suppose 167*p - 164*p = 438. Calculate the remainder when p is divided by 50.
46
Calculate the remainder when 172 - (-81)/(-27)*(-2 + 1) is divided by 47.
34
Let q = -6 + 14. Let b = 8 + q. Calculate the remainder when 29 is divided by b.
13
Suppose 0 = -2*u + 4*q + 46, 3*u - 2*q - 15 - 34 = 0. Let p = 74 + -37. Calculate the remainder when p is divided by u.
11
What is the remainder when 771 is divided by 4/(-3)*(-11)/88*258?
40
Let b(i) = i**2 + 7*i + 7. Let p be b(-4). Let k(x) = -4*x - 8. Let w be k(p). Suppose -w*r - 75 = -17*r. What is the remainder when 29 is divided by r?
14
Let f(n) = n**2 - 17*n - 142. What is the remainder when f(28) is divided by 28?
26
Suppose 8*p - 4*p = 8. What is the remainder when p is divided by 2?
0
Suppose -3*j = -j + 5*x - 25, -9 = -3*x. Suppose 0*k + k = 1, j*y - 227 = 3*k. Suppose 3*w - 5 = y. What is the remainder when 31 is divided by w?
14
Let c(i) = -4*i + 0*i**2 + 1 + 2*i - i + 5*i**2. Let q be c(4). Let j = -37 + q. Calculate the remainder when j is divided by 17.
15
Suppose -f + 56 = 2*u, -5*f + 20 + 288 = -4*u. Let j = -43 + f. What is the remainder when 83 is divided by j?
15
What is the remainder when 475 is divided by 61 - (-8 + 5 + -4)?
67
Let x(p) = p**3 + p + 67. Let r(z) = z**2 + 10*z - 1. What is the remainder when x(0) is divided by r(-12)?
21
Suppose 12 = 4*p + 4*b, 5*p - 2*b + 21 = 1. Calculate the remainder when 68 is divided by ((-12)/24)/(p/92).
22
Let t(g) = g**2 + 14*g - 36. What is the remainder when t(-17) is divided by 4?
3
Suppose p + p - 22 = 0. Suppose 3*i - p = -4*c, -c + 14 = -i - 2*i. Calculate the remainder when 22 is divided by c.
2
Let c(f) = -2*f**2 + 29*f + 14. Let l be c(15). What is the remainder when 56 is divided by (l/(-2))/(20/480)?
8
Suppose -3*j + 493 = -971. Let x = -330 + j. Calculate the remainder when x is divided by 40.
38
Let m(s) = -9*s**3 + 2*s**2 + 2*s - 2. Let q be m(-2). Let r = -44 + q. Let n(v) = -2*v**3 + 6*v**2 - 2*v + 3. What is the remainder when n(-3) is divided by r?
27
Suppose -5*m = 5*d - 265, -4*m - d = -4*d - 184. What is the remainder when 289 is divided by m?
44
Suppose 0 = 179*q - 175*q - 536. Calculate the remainder when q is divided by 27.
26
Suppose -6*p + 24 - 180 = 0. Let r = 40 + p. Let q = r - -16. What is the remainder when q is divided by 8?
6
Suppose -24*m + 2579 + 3541 = 0. What is the remainder when m is divided by 24?
15
Suppose m = n + 64, 3*m + 2*n + n = 210. What is the remainder when m is divided by 12?
7
Let a(d) = 22*d - 3. Suppose 2*x + 5*g + 7 = -16, -4*g = -2*x + 22. Calculate the remainder when 91 is divided by a(x).
15
Suppose -d = -0*d - 2. Suppose 3*j - 16 = -2*t, 3*t - 5*t = -d*j - 6. What is the remainder when 8 is divided by j?
0
Let y = 1366 + -1065. What is the remainder when y is divided by 73?
9
Let q = 463 - 397. Calculate the remainder when q is divided by 12.
6
Suppose 46 = -134*s + 136*s. Let k(n) be the first derivative of -35*n**2/2 - 3*n + 1. Calculate the remainder when k(-2) is divided by s.
21
Let j(q) = q**2 - 6*q - 15. Let i be j(11). Let n = 24 + i. What is the remainder when n is divided by 33?
31
Let y(t) = -11*t - 3. Let a(l) = -12*l - 2. Let w(o) = 4*a(o) - 5*y(o). Let j be w(-5). Let q = j + 42. Calculate the remainder when 41 is divided by q.
13
Suppose -2*z + 6 = 4*m, 2*m + 0*z = 3*z + 7. Suppose -200 = -6*a + m*a. Let j = -2 + 19. Calculate the remainder when a is divided by j.
16
Suppose 0 = -6*g + 3*g - 3. Let h be g*(-1 - (4 - 3)). Suppose -h*b + 164 = 2*b. Calculate the remainder when b is divided by 11.
8
Suppose 27*o - 9360 = -33*o. What is the remainder when o is divided by 79?
77
Let j(q) = q**2 + 7*q + 11. Suppose -13*y + 11*y - 12 = 0. Calculate the remainder when 17 is divided by j(y).
2
Let w = -1761 - -2220. Calculate the remainder when w is divided by 126.
81
Let p(m) be the first derivative of -4*m**2 - m + 1. Let n(g) = -g**3 + 36*g**2 - 20*g - 515. Calculate the remainder when p(-5) is divided by n(35).
9
What is the remainder when 32/48 - (-52)/12 is divided by 3?
2
Suppose 2580 = -65*j + 80*j. Calculate the remainder when j is divided by 62.
48
Let y be (-40)/(-